0*x - 121. Suppose -4*n = -3*n + 3. What is the hundreds digit of (x/(-2))/(n/126*-1)?
2
Suppose 0 = -12*o + 35539 + 9401. What is the tens digit of o?
4
Let m(z) = 4 - 2*z + 5*z + 0*z + 0*z + 42. Suppose 45 = 4*d - d. What is the units digit of m(d)?
1
Suppose -d + 487 = 2*c, -3*c + 5*c + 4 = 0. Let u = -156 + d. What is the hundreds digit of u?
3
Suppose -2*z = -25*z - 104357 + 804776. What is the units digit of z?
3
Let y(u) = -45 + 91 - 9*u + 12*u**2 - 50. What is the tens digit of y(-6)?
8
Let g = -255 + -16. Let u = 303 + g. What is the units digit of u?
2
Suppose 28386 = 2*q + 2*m, 1031*q + 42591 = 1034*q - 3*m. What is the ten thousands digit of q?
1
Let g(y) = y**3 - 14*y**2 + 4*y + 5. Let v be 3/1 + (-2 - 1). Suppose v = -2*u - 3*u + 70. What is the tens digit of g(u)?
6
Suppose -5*o + 40 = q, 6*q = 5*o + 5*q - 40. Let c(m) = 10*m**2 + 11*m + 10. What is the units digit of c(o)?
8
Let j = -7248 + 18366. What is the ten thousands digit of j?
1
Let q be (-4)/((-8)/4*1). Suppose 5*f = -0*t - 4*t + 1521, q*f - 1506 = -4*t. Suppose 4*z = -z + p + t, -z - 2*p + 77 = 0. What is the units digit of z?
5
Let a = -531 - -523. What is the tens digit of -7 + -7 - a - -567?
6
Let g = -308 + 629. Suppose 4*a - g - 499 = 5*y, 2*y + 808 = 4*a. What is the hundreds digit of a?
2
Suppose s - 1146 = -p, -5*s = -4*p + 2*p - 5744. What is the hundreds digit of s?
1
Let a = -92 + 94. Suppose -5*c = -3*j - 2269, a*c = -4*j + 157 + 761. Let n = c + -192. What is the hundreds digit of n?
2
Let n = -1127 + 6803. Suppose -144*v + n = -132*v. What is the tens digit of v?
7
Let k be (-90)/(3 + 52/(-16)). Suppose 36*a - 32*a = k. What is the units digit of 1*(4 - 2) + a?
2
Let r = -552 + 567. Suppose -53*d + r*d + 18696 = 0. What is the hundreds digit of d?
4
Let g be ((-120)/(-90))/(1/(-3) - -1). Suppose y = 2*w, -y = 4*w - g*w - 12. What is the units digit of ((-3 - -15)*(-141)/y)/(-2)?
1
Suppose -5*x = 4*t - 149, 6*x + 114 = 4*t + 4*x. What is the hundreds digit of -3 + 2 + 5053/t?
1
Suppose -2*y - 5*v - 114 = 0, v + 0*v = y + 50. Let h be (-8)/y + 128/13. Suppose -h*p + 1131 = 191. What is the tens digit of p?
9
Let z be (12/2)/((-3)/(-38)). Suppose 4*g - z = 28. Suppose -f = q - g, -2*q + 20 = -4*f - 2. What is the tens digit of q?
2
Suppose -252*w + 504*w + 10390 = 253*w. What is the ten thousands digit of w?
1
Let t(z) = 646*z - 39. Let c = -431 + 433. What is the tens digit of t(c)?
5
What is the thousands digit of 51645 + (-1)/((-12)/528*-11)?
1
Suppose 0 = 175*a - 2865003 + 604878. What is the hundreds digit of a?
9
What is the hundreds digit of 7957 - 19/((-152)/(-128))?
9
Suppose q - 2*q + 1 = -m, -3*m = 5*q + 3. Suppose -4*r = -2*p - 22, -2*p = 4*r - 26 + 8. Suppose q*c = r*c - 260. What is the units digit of c?
2
Suppose -9*x - 165886 - 80810 = -28*x. What is the ten thousands digit of x?
1
Suppose 154*u - 159*u = c - 33066, 2*u + 18 = 0. What is the thousands digit of c?
3
Suppose 0 = -a - u + 10901, -7*a + 43616 = -3*a - 2*u. What is the units digit of a?
3
Let z = 370 + -365. What is the units digit of -1 - (z - 36)*1?
0
Let h(n) = 11*n**3 + 4*n**2 + n - 53. Let c be h(6). Suppose -2387 = -10*w + c. What is the tens digit of w?
8
Suppose 4*r - 77 - 83 = 0. Suppose -4*t = 5*j - r - 17, -3*j = -5*t + 99. Suppose -q + 201 = t. What is the hundreds digit of q?
1
Let y = -1906 - -1273. Let q = -311 - y. What is the units digit of q?
2
Let b(j) = 84*j**2 - 628*j + 39. What is the thousands digit of b(15)?
9
Let i = 138 - 137. What is the hundreds digit of (-943 - i)/(-10 + 8)?
4
Let d(h) = 26*h**2 - 141*h - 10. What is the tens digit of d(18)?
7
Suppose 40 = 4*x - 4*t, -2 - 2 = 2*t. Let d(j) = 5 - x*j - 4*j - 5*j - 15*j. What is the units digit of d(-2)?
9
Let t be 4 + 8/6*1*3. Suppose 1445 = -t*h + 13*h. What is the tens digit of h?
8
Suppose -55*w - 2231024 = 173*w - 5648744. What is the hundreds digit of w?
9
Let x be (24/(-32) + (-15)/(-12))*0. Suppose -2*l - o = -234, 5*l - 4*o - 611 = -0*l. Suppose 2*f + l - 477 = x. What is the hundreds digit of f?
1
Suppose 5*o - 17999 - 21045 = -x, -4*o - 16 = 0. What is the units digit of x?
4
Let a(u) = 28*u + 4. Let s be a(6). Let f = s + -50. Suppose 0 = 6*y - 178 - f. What is the units digit of y?
0
Suppose 0 = -71*p + 79*p - 7448. Let k = p - 545. What is the hundreds digit of k?
3
Let h be (13 + 0 - -1)/2. Suppose -i + h = 3. Suppose -4*k + 18 = g - 25, -i*k + g = -53. What is the tens digit of k?
1
Let g = -808 + 3797. What is the tens digit of g?
8
Let s(t) = -21*t - 77. Let u be s(-4). Suppose -a - u*a = -1464. What is the units digit of a?
3
Suppose -57 = -6*t - 45. What is the tens digit of t/((-4)/(-11102)*7)?
9
Suppose 18*q = -36*q + 4212. Let r be (12/9 + 0)*3. Suppose v - r*v = -q. What is the units digit of v?
6
Suppose 0 = 2*r, 0 = -4*w - 6*r + 3*r + 292. Let j(q) = -11*q + 54. Let c be j(4). Suppose c*p - w = 437. What is the units digit of p?
1
Let y(v) = -v**3 + 5*v**2 + 5*v + 7. Suppose 92 = -17*b + 19*b. Let a = b - 49. What is the tens digit of y(a)?
6
Let h(d) = 33*d**2 - 51*d - 420. What is the units digit of h(-8)?
0
Let u(w) = -27*w + 7. Let d(b) = 14*b - 3. Let q(a) = -14*d(a) - 6*u(a). Let y be q(-4). Suppose 5*s - y = 314. What is the tens digit of s?
9
Let h(t) = 4*t**2 - 41*t - 3. Let n be h(11). Suppose -n*w = -10480 - 14000. What is the tens digit of w?
1
Let a(f) = 891*f - 4584. What is the units digit of a(6)?
2
Suppose z = -4*z + 35. Let q(k) = 113*k + 10. Let w be q(z). Let x = w - 567. What is the units digit of x?
4
Suppose 42*h - 289050 - 8130 = 3*h. What is the units digit of h?
0
Let u(i) = -11*i**2 + 5*i - 3. Let y be u(3). Let g = 802 + y. What is the hundreds digit of g?
7
Let m(i) = -430 - 7*i - 10*i - 24*i - 433 + 759. What is the units digit of m(-23)?
9
Suppose 2*y = -5*t + 2942, t = -3*y + 1865 + 2522. What is the hundreds digit of y?
4
Let t(c) = 208*c - 161. Let h(u) = 210*u - 158. Let p(f) = -5*h(f) + 6*t(f). What is the hundreds digit of p(11)?
0
Let c = 5769 - 1093. Suppose 16*z + c = 30*z. What is the units digit of z?
4
Let s = 185 - -1177. Suppose 0 = 12*t - 6*t - s. What is the hundreds digit of t?
2
Let v(o) = -528*o - 9400. What is the ten thousands digit of v(-101)?
4
Let m be 10/(-8)*(0 + 2 - -2). Let c = -35 - m. What is the units digit of (c/(-8))/(14/56)?
5
Let t be 42/182 - (-119022)/26. Suppose 5*p - t = z, -z = -6*z - 15. What is the hundreds digit of p?
9
Suppose 5*w - 11095 = -4*s + 11247, s + 2*w = 5587. What is the thousands digit of s?
5
Let j be (-10 + 8)*(-1 + 5 + -2). Let q be 41 - ((-12)/(-18))/(j/(-18)). Let k = 60 - q. What is the tens digit of k?
2
Let g(u) be the first derivative of -13*u**2/2 + 6*u + 174. Let x be 366/(-36) + 2/12. What is the units digit of g(x)?
6
Let b(a) = 3*a**2 + 17*a - 1. Let f(o) = 2*o**2 + 18*o - 1. Let d(i) = 5*b(i) - 6*f(i). What is the units digit of d(14)?
7
What is the thousands digit of 337452*(-45)/90*2/(-4)?
4
Suppose 0 = -3*y - 4*a + 103, 0 = y + 5*a - 34 - 4. Suppose -5*d + 2*d = 2*q + y, -3*d - 30 = q. Let l = d - -17. What is the units digit of l?
8
Let s = 12058 - 3247. What is the tens digit of s?
1
Let r(l) = -l**2 - 119. Let s be r(0). Let v = 766 - 534. Let o = v + s. What is the tens digit of o?
1
Let o = -43 - -45. Suppose y + 1 = 2*t + 12, -o*y + 19 = -3*t. What is the units digit of -24*(t - (-2)/(-4))?
4
Suppose -11*g = 802 - 38290. What is the hundreds digit of g?
4
Suppose -860 = -5*u - 2*d - 3*d, 0 = 2*u + 5*d - 335. What is the tens digit of (-6015)/(-7) + (-50)/u?
5
Let h be -3 + 4649/3*3. Suppose 0 = 10*j - h - 2354. What is the units digit of j?
0
Suppose 0 = -3*o - g + 13, -4*o + 16 = -0*o + 2*g. Suppose 3 = 3*a - 12. Suppose o*h = -a*m + 34 + 131, -87 = -4*m + 5*h. What is the tens digit of m?
2
Suppose 9*u + 0*u = 333. Suppose u*m - 231 = 26*m. Let b = m - 13. What is the units digit of b?
8
What is the units digit of 99/30 + -3 + (-970083)/(-190)?
6
Let b = -162 + 155. What is the thousands digit of 825/(-1925) + ((-8865)/b - -1)?
1
Let r be (-30)/(-50) - 2/((-30)/(-39)). Let p(l) = -10*l**2 + 5*l - 7. Let d be p(3). What is the tens digit of d*(36/(-8))/((-6)/r)?
2
Let q(x) = -23 - 112*x + 8 - 132*x. What is the units digit of q(-3)?
7
Let t(z) = 56*z - 126. Let q